he hundreds digit of m(58)?
2
Let g(i) = 17*i**3 + 3*i**2 - 7*i - 50. Let y be g(-7). What is the hundreds digit of 3/(5 - (2 + y/(-1900)))?
3
Let d be 0 + -3 + 2/(-2)*60. Let n be 4/3*d/(-14). Suppose 7*k - 26 = n*k. What is the units digit of k?
6
Let b = 13851 + 1014. What is the tens digit of b?
6
What is the units digit of -10 - 14238*(90/9)/(-10)?
8
Let v(a) = -a**3 + 9*a**2 - a - 17. Let q(z) = z - 5. Let d be q(12). Let u be v(d). Let b = 213 - u. What is the hundreds digit of b?
1
Let z(d) = -d**2 + d + 71. Let y be 4/(-14) - (-48)/21 - -3. Suppose y*k - 4*k + 0*k = 0. What is the units digit of z(k)?
1
Let h = -2185 - -2796. What is the units digit of h?
1
Suppose 2*o = 83 - 71. Let q be (-13 - -10)*(1 - 124/o). Let d = -46 + q. What is the tens digit of d?
1
Let b = 547 + -302. Let m = b + 502. What is the units digit of m?
7
Let w(v) = -7*v**3 - 11*v**2 - 134*v - 15. What is the tens digit of w(-10)?
2
Let r(g) = g**3 - 27*g**2 + 35*g + 37. Let z be r(26). Suppose -12*n - z = -2755. What is the tens digit of n?
0
Let q = -516 + 1670. Suppose -4*v = 2*t - 420, 210 = t - 4*v + 8*v. Suppose q = 8*r + t. What is the units digit of r?
8
Suppose -2*v = -4*p - 4*v + 22, 5*v + 57 = 4*p. Suppose 0*m - p*m = -1624. What is the units digit of m?
3
Suppose u + 13 = -k + 6*u, -k + 5 = 4*u. Let c be 2/k*(-57)/(-38). What is the tens digit of (104/(-65))/(c/20)?
3
Let o(g) be the third derivative of -g**6/120 - 7*g**5/60 + g**4/4 + 9*g**3/2 - g**2 - 3. What is the units digit of o(-10)?
7
Let o(d) = 159*d**2 - 39*d + 82. Let l(w) = 318*w**2 - 77*w + 162. Let s(i) = -6*l(i) + 13*o(i). What is the units digit of s(2)?
0
Suppose 4*i = 3*h + 758, -6 = h - 8. Suppose 0 = 5*z - 4*z - l + 3, -17 = -5*z - 3*l. What is the units digit of i - (z - -1 - 0)?
9
Suppose 2*q = 2*d + 24562, -2*q - 61*d = -59*d - 24570. What is the tens digit of q?
8
Let g be 86/6*15 - -8. Let j = g + 713. What is the tens digit of j?
3
Let v(d) be the second derivative of d**4/12 - 19*d**3/6 + 21*d**2 + 39*d. Let s be v(15). What is the hundreds digit of (-44)/(-198) + (-3110)/s?
1
Let y(x) = x**3 + 6*x**2 + 17*x + 1288. What is the units digit of y(0)?
8
Suppose -203*z = -204*z + 3490. What is the thousands digit of z?
3
What is the thousands digit of (24 - (-585)/(-26))*17912/6?
4
Suppose 4*o = -2*m + 284982, 3*o - 136381 = -5*m + 77366. What is the ten thousands digit of o?
7
Let z(x) = -x**3 + 8*x**2 - 4*x - 18. Let y be z(7). What is the units digit of (1 - y) + (556/(-2))/(-2)?
7
Suppose 343 = 7*h - 24*h + 2400. Let r be -4*(-10 - 4/2). Let b = h - r. What is the tens digit of b?
7
Let w = -115 + 70. Suppose 438 = 3*s - 2*z, 2*s - 105 = -3*z + 200. Let i = w + s. What is the tens digit of i?
0
Suppose -732 = -q + 5*q - 4*n, 0 = 5*q - 3*n + 909. Let l = q + 331. Let u = 229 - l. What is the units digit of u?
8
Let v(r) = r**3 - 3*r**2 + 11*r + 39. Let y be v(-6). Let o = y + 678. What is the hundreds digit of o?
3
Suppose -16*k + 1675 = -11*k. Suppose -4*m + 1367 = k. Suppose 0*u + t + m = 2*u, 0 = -5*u - 3*t + 645. What is the tens digit of u?
2
Let u(j) = j**3 - 39*j**2 + 184*j - 347. What is the units digit of u(43)?
1
Suppose -5*f = 943 - 1123. Suppose -7104 = 30*j - f*j. What is the units digit of j?
4
Let o = 36876 - -49757. What is the thousands digit of o?
6
Suppose -2*n = -5*b + 1811 + 2042, -5*b - 3*n + 3858 = 0. Suppose 0 = -3*x - 0*x - 5*y + b, -3*x + y = -771. What is the hundreds digit of x?
2
Let v = 2018 - 2026. Suppose j - 3*j - 24 = 0. What is the tens digit of (-9)/j + (-242)/v?
3
Let v be 3/(9/(-33)) + 4 + 1. Let l(d) = -d**2 - 7*d + 4. What is the tens digit of l(v)?
1
Let j(l) = -10*l - 70. Let s be j(-11). Suppose 0 = -45*d + s*d + 2625. What is the hundreds digit of d?
5
Let p = -81 + 87. Suppose 3*w + d = 59, 0 = p*w - w - 3*d - 75. Suppose -23*a + w = -21*a. What is the units digit of a?
9
Let q be -1*(4 - (11 - 4)). Let w be (-24)/(q - 6 - -1). Let u = w + -8. What is the units digit of u?
4
Let h = 48 - 44. Suppose -g = g - h. What is the units digit of g/6 - (-18408)/72?
6
Let u be (1 - 5/(25/(-15))) + 4. Suppose 0 = u*g - 3847 - 2417. What is the tens digit of g?
8
Let l = -252 + 582. What is the units digit of (5/2)/(995/l - 3)?
5
Let s = -811 - -578. Let t = 668 + s. What is the hundreds digit of t?
4
Let f(x) = 39*x - 158. What is the thousands digit of f(42)?
1
Let c(j) = j**2 - 12*j + 36. Let o be c(8). What is the units digit of o + 13/((-13)/(-84))?
8
Let a(p) = 907*p - 133. What is the thousands digit of a(20)?
8
Let t(x) = -5*x - 17. Let a be t(-3). Let f be 6 + a - (-12)/6. What is the units digit of (-6)/(-9)*81 + (4 - f)?
2
Let d(p) = 7*p**2 - 38*p + 8. Let c be d(5). What is the tens digit of 6 + c - (-4 + -386)?
8
Let k = 903 - 1006. Let o be 6*134/4 + 3. Let i = k + o. What is the tens digit of i?
0
Let l(k) = k**2 + 2*k + 44. Let o be l(10). Suppose w + 5*f = 4*f + o, -328 = -2*w - f. Suppose w = -12*z + 13*z. What is the hundreds digit of z?
1
Let w be (-1*(-48)/(-15))/(24/(-180)). Suppose 5*t + w = 49. What is the units digit of t?
5
What is the tens digit of (-8029224)/(-792) + ((-6)/(-22))/3?
3
Let y = -51 + 55. Suppose -2 = g + c, -y*c + 8*c = -2*g - 12. Let k(v) = 49*v**2 - 6*v + 6. What is the tens digit of k(g)?
9
Suppose -2*c - t = -11206 - 15297, -3*c = 4*t - 39762. What is the hundreds digit of c?
2
Let i(u) = u**3 + 21*u**2 - 45*u + 28. Let b be i(-23). Suppose -b = -3*z - 17. What is the tens digit of -3*(-25 - z)/3?
2
Suppose 2758 = 3*x + 4*y, x + y - 3673 = -3*x. Suppose -7*o + 4*o = -x. Suppose 0 = -6*h + 3*h + o. What is the hundreds digit of h?
1
Suppose 2*o = 5*x + 1497 + 2428, -3*o + 5859 = 2*x. Let g = 2921 - o. What is the units digit of g?
6
Suppose -h = g + 312, 287 = -0*g - g + 4*h. Suppose -4*k + 49 = -5*k + 4*a, a = -k - 49. Let v = k - g. What is the units digit of v?
8
What is the tens digit of ((-1)/5)/((-224376)/1121860 - 2/(-10))?
9
What is the hundreds digit of (-572046)/(-126) - 4/84?
5
Suppose 0 = 5*v + x - 4376, 0 = -v + 5*x - 154 + 1050. Suppose -2577 = -7*y - v. What is the units digit of y?
3
Let j be (96 - 4)/4*2. Let r = -46 + j. Suppose -6*b + 15 + 57 = r. What is the units digit of b?
2
Suppose -10*k - 5*n + 350510 = 0, k + 6*n = 10*n + 35042. What is the units digit of k?
0
Let g(n) = -n**2 + n - 4*n**2 + 5*n + n**3 - 11. Let l(p) = -p**2 - 7*p + 6. Let i be l(-7). What is the tens digit of g(i)?
6
Suppose -4*s = -8*s + 116. Let u(g) = -g**3 - 13*g + 40. Let a be u(3). Let c = s + a. What is the units digit of c?
3
Let q = 11 + -19. Let m(t) = t + 11. Let a be m(q). Suppose -a*r + 7 = -2*r. What is the units digit of r?
7
Let i(k) = -11*k - 11. Let g(u) = 10*u + 11. Let h(b) = 5*g(b) + 4*i(b). Let c be h(-8). Let w = -27 - c. What is the tens digit of w?
1
Let m(n) = 3*n**2 - 3566. What is the ten thousands digit of m(78)?
1
What is the units digit of 18*525/(-24)*320/(-24)?
0
Let z be (-1)/2*(0 - 0)/8. Suppose z = -j + 37 - 43. What is the hundreds digit of (-5 - j)/(2/322)?
1
Let g = 20150 - 17105. What is the thousands digit of g?
3
Let h(y) = -y + 0*y - 4*y + 44*y**2 - 4*y. What is the hundreds digit of h(2)?
1
Let n(a) = -a - 1. Let u be n(-12). Suppose -u*y = -12*y - 47. What is the tens digit of ((-10)/(-6))/(y/48 + 1)?
8
Let b(w) = w**3 - 3*w**2 + 2. Let c be b(2). Let j(t) = 11*t + 18. Let d(l) = -l**2 - 56*l - 89. Let y(x) = c*d(x) - 11*j(x). What is the tens digit of y(9)?
6
Suppose 0 = 18*g + 276*g - 6431838. What is the hundreds digit of g?
8
Let z(y) = 4*y**2 - 82*y + 34. Let b(r) = 19*r**2 + 2*r + 1. Let c be b(1). What is the tens digit of z(c)?
6
Let d be (110629 - (10 + -17)) + 1*-4. What is the tens digit of (0 + -1)/(d/11064 - 10)?
8
Suppose 438*l - 126825 - 4281 = 432*l. What is the hundreds digit of l?
8
Suppose -107*p + 1215905 = -432430. What is the hundreds digit of p?
4
Suppose 5*s = -r + 28, 0 = 3*r + s + 30 - 114. Let d = -33 + r. What is the tens digit of ((-2)/4)/(d/430)?
4
What is the tens digit of (-131220)/(-40)*(-8)/(-6)?
7
What is the thousands digit of 3357848/498 - 1/(-3)?
6
Let y be 2/(-7) + (856/56 - 3). Suppose -12661 = -y*c + 7091. What is the thousands digit of c?
1
Suppose -142*b + 152*b = 45220. What is the units digit of b?
2
Let p = 11